. Calculate c(-10).
-293
Let s(u) = -u**3 + 29*u**2 - 138*u + 92. Calculate s(5).
2
Let q(z) = -z**3 + 60*z**2 - 170*z - 33. What is q(57)?
24
Let n(o) = -o**3 - 53*o**2 - 53*o - 33. Give n(-52).
19
Let n(s) = -40*s + 453. What is n(11)?
13
Let q(m) = -90*m + 186. What is q(2)?
6
Let p(r) = r**2 + 812*r + 3222. Give p(-4).
-10
Let x(u) = 2*u**2 + 130*u + 20. Give x(-65).
20
Let n(d) = d**3 + 9*d**2 - 16*d + 4. Calculate n(-5).
184
Let v(c) = 7*c**3 - 6*c**2 - 43*c + 52. Calculate v(2).
-2
Let i(m) = m**2 + 735*m + 73795. What is i(-120)?
-5
Let o(r) = 21*r**2 + 87*r + 7. Give o(-4).
-5
Let y(m) = -28*m + 658. Calculate y(23).
14
Let s(v) = 449*v - 3588. Calculate s(8).
4
Let w(g) = -g**3 - 18*g**2 - 68*g - 165. Give w(-14).
3
Let c(p) = p**3 - 76*p**2 - 101*p + 1847. Give c(77).
-1
Let t(q) = q**3 + 17*q**2 - 20*q + 10. What is t(-18)?
46
Let m(h) = 242*h + 7011. What is m(-29)?
-7
Let r(t) = -9*t**2 + 45*t + 216. What is r(-3)?
0
Let w(g) = 2*g**2 + 39*g - 61. Calculate w(-22).
49
Let c(j) = j**2 - 86*j + 622. Give c(8).
-2
Let u(t) = -t**3 - 41*t**2 + 301*t + 899. Calculate u(-47).
6
Let s(w) = -814*w - 7331. Calculate s(-9).
-5
Let s(w) = -9*w**3 + 3*w**2 - 7*w + 2. What is s(1)?
-11
Let x(l) = -2*l**3 - 34*l**2 - 7*l + 171. Calculate x(-17).
290
Let b(u) = 2242*u + 2244. Calculate b(-1).
2
Let i(s) = -61*s + 27. Calculate i(4).
-217
Let s(l) = -l**3 + 7*l**2 + 14*l - 42. Calculate s(4).
62
Let o(c) = -37*c**2 - 3*c. Give o(1).
-40
Let f(y) = -y**2 + 156*y + 6681. Determine f(-35).
-4
Let p(s) = 29*s - 1501. What is p(52)?
7
Let i(n) = -n**2 + 8*n + 32404. Determine i(184).
20
Let h(y) = -3*y**2 + 109*y - 740. What is h(9)?
-2
Let c(v) = -v**2 - 537*v + 5469. Calculate c(10).
-1
Let g(l) = 9*l**2 + 89*l - 15. Calculate g(-10).
-5
Let o(w) = -w**2 - 16*w - 158. What is o(-17)?
-175
Let g(p) = 8*p**3 + 50*p**2 - 190*p - 1213. Calculate g(-6).
-1
Let u(s) = -190*s + 3. Calculate u(-1).
193
Let f(x) = 2*x**3 + 58*x**2 + 60*x + 38. Determine f(-28).
-74
Let v(f) = -f**2 + 62*f - 60. Give v(1).
1
Let f(p) = p**3 - 20*p**2 + 51*p + 21. Calculate f(3).
21
Let u(r) = -r**3 - 20*r**2 + 1490*r - 495. Calculate u(-50).
5
Let s(x) = -1059*x + 5329. Determine s(5).
34
Let z(u) = 39*u + 1779. What is z(-46)?
-15
Let k(w) = 22*w - 823. Calculate k(33).
-97
Let t(r) = -79*r + 1170. Determine t(15).
-15
Let u(n) = -22*n + 171. Determine u(8).
-5
Let y(g) = g**3 + 7*g**2 - 13*g - 67. Calculate y(-9).
-112
Let k(v) = v**3 + 10*v**2 - 131*v - 1043. Determine k(-7).
21
Let h(z) = -z**2 + 689*z - 30772. Calculate h(48).
-4
Let u(k) = -13328*k - 26665. Calculate u(-2).
-9
Let n(a) = -62*a + 121. Calculate n(2).
-3
Let b(z) = 17*z**2 + 281*z + 167. Give b(-16).
23
Let o(j) = -26*j - 47. Determine o(8).
-255
Let v(z) = -43*z + 323. Give v(6).
65
Let j(i) = -5*i**2 + 6960*i + 2. Calculate j(0).
2
Let l(r) = -r**2 + 24*r - 187. What is l(21)?
-124
Let s(q) = -34*q + 859. Calculate s(25).
9
Let i(t) = -122*t + 3292. Give i(27).
-2
Let u(p) = -9*p**2 - 71*p - 5. Determine u(-7).
51
Let x(l) = -l**2 + 6*l - 32. Determine x(12).
-104
Let i(u) = -9*u**3 + 14*u**2 - 34*u + 16. Calculate i(2).
-68
Let z(y) = -58*y - 846. Determine z(-17).
140
Let k(h) = -7*h + 389. Calculate k(58).
-17
Let c(z) = 2*z**3 + 3*z**2 + 32*z - 16. What is c(0)?
-16
Let j(g) = 192*g - 995. Give j(5).
-35
Let j(b) = 98*b + 90. What is j(-1)?
-8
Let l(s) = -987*s + 58240. What is l(59)?
7
Let u(m) = m**3 + 51*m**2 - 121*m - 823. Determine u(-53).
-28
Let w(g) = 5*g**2 + 6*g - 2. Calculate w(-2).
6
Let z(d) = -341*d**2 - 7*d - 8. Give z(-1).
-342
Let o(i) = i**3 + 121*i**2 - 1030*i. Determine o(8).
16
Let m(l) = 26*l**2 - 233*l - 7. Determine m(9).
2
Let w(t) = -37*t**2 + 463*t + 934. Determine w(-2).
-140
Let x(j) = -39*j + 598. Give x(0).
598
Let w(i) = -i**3 + 12*i**2 + 28*i + 48. Determine w(14).
48
Let g(h) = h**3 + 153*h**2 - 302*h + 1255. Give g(-155).
15
Let s(i) = -i**3 + 244*i**2 - 2343*i + 712. Give s(234).
10
Let f(d) = d**3 + 11*d**2 - 289*d - 3333. What is f(-12)?
-9
Let x(w) = -173*w + 7378. Determine x(43).
-61
Let l(v) = -v**3 - 15*v**2 - 28*v + 49. Give l(-11).
-127
Let d(h) = 24*h - 866. Give d(39).
70
Let w(c) = c**2 + 27*c + 3. Calculate w(6).
201
Let l(h) = -3*h**2 - 187*h - 856. Determine l(-5).
4
Let w(l) = -l**2 - 7*l + 57. What is w(9)?
-87
Let c(a) = -a**3 + 3*a**2 - 3*a - 10. Give c(3).
-19
Let s(b) = -120*b - 2917. Give s(-25).
83
Let f(i) = -13*i + 84. What is f(10)?
-46
Let t(j) = -3*j**2 - 31*j + 24. Determine t(-7).
94
Let s(y) = 3*y**3 + 19*y**2 + 12*y + 32. What is s(-6)?
-4
Let t(f) = f**3 - 2*f**2 - 124*f + 14. What is t(11)?
-261
Let h(s) = -34*s - 201. Give h(-5).
-31
Let r(g) = g**3 + 36*g**2 - 202*g + 55. Calculate r(-41).
-68
Let p(d) = 3*d**3 - 65*d**2 - 18*d - 99. Give p(22).
-11
Let j(l) = -3*l**3 - 21*l**2 - 34*l - 94. What is j(-6)?
2
Let b(n) = -2*n**2 + 132*n - 2073. Give b(18).
-345
Let i(z) = -z**3 + 23*z**2 + 16*z - 20. Determine i(24).
-212
Let t(k) = k**3 + 37*k**2 - 70*k - 1222. Determine t(-38).
-6
Let f(t) = -199*t + 343. Give f(4).
-453
Let h(o) = 28*o + 1849. Give h(-70).
-111
Let g(v) = -v**2 - 14*v + 9. Calculate g(0).
9
Let d(k) = 12*k**3 + 6*k**2 + 86*k - 322. Give d(4).
886
Let r(s) = -131*s - 1565. What is r(-12)?
7
Let y(m) = -2*m**3 + 23*m**2 + 463*m - 1338. Calculate y(21).
6
Let m(c) = -54*c + 76. Determine m(5).
-194
Let k(h) = -1491*h - 55154. What is k(-37)?
13
Let n(a) = -2*a**2 - 48*a + 44. Calculate n(-26).
-60
Let z(t) = 27*t**2 - 424*t - 1121. Calculate z(18).
-5
Let y(k) = 287*k - 568. Calculate y(2).
6
Let b(h) = 19*h - 1149. What is b(58)?
-47
Let l(w) = 41*w + 1277. Determine l(-27).
170
Let r(y) = 736*y + 1462. Calculate r(-2).
-10
Let x(z) = -z**3 + 14*z**2 - 13*z - 21. Determine x(13).
-21
Let f(h) = -6*h**2 + 13*h - 70. Determine f(5).
-155
Let a(t) = -t**3 + 27*t**2 + 14*t - 390. Calculate a(27).
-12
Let f(k) = -k**2 - 175*k + 12690. Calculate f(55).
40
Let a(q) = 109*q + 15176. Calculate a(-139).
25
Let m(j) = -2*j**2 + 4*j + 1. What is m(-1)?
-5
Let m(d) = 11*d + 106. Calculate m(-7).
29
Let h(y) = y**3 - 8*y**2 + 303*y - 1150. What is h(4)?
-2
Let i(v) = 2*v**3 + 43*v**2 - 762*v - 105. What is i(-33)?
-6
Let d(m) = 177*m - 20548. Give d(116).
-16
Let z(a) = 2*a**3 - 100*a**2 - 100*a - 90. Give z(51).
12
Let c(i) = 688*i**3 - i**2 - 78*i - 76. Calculate c(-1).
-687
Let b(q) = -2*q**2 + 59*q + 590. Calculate b(37).
35
Let a(m) = -5476*m - 60243. Calculate a(-11).
-7
Let y(c) = 14*c - 70. Determine y(-4).
-126
Let b(q) = -q**3 + 10*q**2 + 8*q + 20. Give b(6).
212
Let p(t) = -6*t**2 - 62*t - 10. Calculate p(-13).
-218
Let l(b) = 11*b + 224. Give l(-19).
15
Let i(z) = -13*z**2 - 18*z + 44. What is i(-4)?
-92
Let i(g) = -g**3 - 2*g**2 + 6*g - 20. Give i(-5).
25
Let f(g) = -2*g**2 - 17*g. What is f(-6)?
30
Let l(m) = m**3 - 72*m**2 + 1066*m + 252. Determine l(51).
-3
Let m(u) = 23*u - 32. What is m(-6)?
-170
Let k(v) = -27*v - 289. What is k(-11)?
8
Let m(u) = -5*u**2 - 33*u - 87. Give m(-7).
-101
Let f(p) = 2*p**2 + 40*p + 221. Determine f(-5).
71
Let x(m) = -m**2 + 186*m - 2879. What is x(17)?
-6
Let f(q) = -2*q**3 - 42*q**2 - 109*q + 1052. Give f(-15).
-13
Let g(t) = 1327*t - 6618. Give g(5).
17
Let j(m) = -1231*m + 27065. Calculate j(22).
-17
Let d(j) = -120*j + 487. Give d(5).
-113
Let i(p) = -2*p**2 - 76*p - 18. What is i(-37)?
56
Let p(n) = 21*n - 732. What is p(27)?
-165
Let j(p) = -p**3 + 21*p**2 - 18*p - 53. Give j(20).
-13
Let i(f) = -170*f + 1361. Calculate i(10).
-339
Let m(u) = 333*u - 9986. Give m(30).
4
Let f(r) = -23*r**3 + 373*r**2 - 62*r - 14. Determine f(16).
274
Let p(u) = 4*u**2 + 37*u + 75. Calculate p(-2).
17
Let z(j) = -j**3 + 2*j**2 - 8. Determine z(-3).
37
Let k(x) = 3*x**2 + 426*x + 1225. Determine k(-139).
-26
Let a(m) = -m**2 - 753*m + 3781. Give a(5).
-9
Let n(b) = -42787*b + 171148. Calculate n(4).
0
Let n(y) = -y**2 + 19*y + 187. Give n(-6).
37
Let s(w) = -2*w**2 + 9*w + 6. Calculate s(6).
-12
Let r(m) = 3*m**3 - 150*m**2 + m - 28. What is r(50)?
22
Let x(i) = i**2 + 134*i + 1439. What is x(-12)?
-25
Let f(a) = -a**3 - 8*a**2 + 33*a + 289. Determine f(-6).
19
Let w(f) = f**3 + 16*f**2 + 7*f + 3. Determine w(-7).
395
Let d(h) = h**3 + 14*h**2 - 14*h - 342. What is d(-13)?
9
Let x(h) =